{"id":2476,"date":"2020-11-29T18:38:58","date_gmt":"2020-11-29T16:38:58","guid":{"rendered":"http:\/\/perladesign.lt\/?post_type=product&#038;p=2476"},"modified":"2021-01-24T20:35:13","modified_gmt":"2021-01-24T18:35:13","slug":"krepsys-saugau-gamta","status":"publish","type":"product","link":"https:\/\/perladesign.lt\/index.php\/product\/krepsys-saugau-gamta\/","title":{"rendered":"Krep\u0161ys &#8220;Saugau gamt\u0105&#8221;"},"content":{"rendered":"<p style=\"text-align: center;\">Visi m\u0117gstame dovanas, ypa\u010d tas, kurios yra asmenin\u0117s, i\u0161skirtin\u0117s ir sukurtos su meile\u2026 J\u016bs i\u0161sirinkite, o mes i\u0161pildysime J\u016bs\u0173 u\u017esakym\u0105 per 3-5 d.d.\u00a0<img decoding=\"async\" class=\"emoji lazyload\" role=\"img\" draggable=\"false\" data-src=\"https:\/\/s.w.org\/images\/core\/emoji\/13.0.0\/svg\/1f4e6.svg\" alt=\"\ud83d\udce6\" src=\"data:image\/svg+xml;base64,PHN2ZyB3aWR0aD0iMSIgaGVpZ2h0PSIxIiB4bWxucz0iaHR0cDovL3d3dy53My5vcmcvMjAwMC9zdmciPjwvc3ZnPg==\" \/><\/p>\n<p style=\"text-align: center;\">\u0160ie daugkartinio naudojimo pirkini\u0173 krep\u0161iai yra pagaminti i\u0161 100% medviln\u0117s, tinkami ne\u0161ioti rankoje ar per pet\u012f.<\/p>\n<p style=\"text-align: center;\">\n<p style=\"text-align: center;\">Krep\u0161i\u0173 dydis:\u00a038 x 42 cm. Ranken\u0173 ilgis 67 cm. Krep\u0161io svoris 75g. Talpa \u2013 10 litr\u0173.<\/p>\n<p style=\"text-align: center;\"><strong>SVARBU!!!<\/strong>\u00a0Jei nor\u0117tum\u0117te kitokio derinio pasirinkimo, susisiekite su mumis el.pa\u0161tu info@perladesign.lt ar telefonu +370 656 09 233.<\/p>\n<p style=\"text-align: center;\"><strong>Nemokamas siuntimas \u012f visus Omniva, DPD ir LP Express pa\u0161tomatus Lietuvoje nuo 25 Eur.<\/strong><\/p>\n","protected":false},"excerpt":{"rendered":"<p>\u0160ie daugkartinio naudojimo pirkini\u0173 krep\u0161iai yra pagaminti i\u0161 100% medviln\u0117s, tinkami ne\u0161ioti rankoje ar per pet\u012f.<\/p>\n","protected":false},"featured_media":2452,"template":"","meta":[],"product_brand":[],"product_cat":[42],"product_tag":[32,71,46,66,70,47,45],"class_list":{"0":"post-2476","1":"product","2":"type-product","3":"status-publish","4":"has-post-thumbnail","6":"product_cat-pirkiniu-krepsiai","7":"product_tag-dovanuidejos","8":"product_tag-krepsiai","9":"product_tag-naturaluspirkiniukrepsys","10":"product_tag-originalidovana","11":"product_tag-pirkiniukrepsiai","12":"product_tag-pirkiniukrepsys","13":"product_tag-vardinispirkiniukrepsys","15":"first","16":"instock","17":"sale","18":"taxable","19":"shipping-taxable","20":"purchasable","21":"product-type-variable"},"yoast_head":"<!-- This site is optimized with the Yoast SEO plugin v27.4 - https:\/\/yoast.com\/product\/yoast-seo-wordpress\/ -->\n<title>Krep\u0161ys &quot;Saugau gamt\u0105&quot; - Perladesign<\/title>\n<meta name=\"description\" content=\"\u0160ie daugkartinio naudojimo pirkini\u0173 krep\u0161iai yra pagaminti i\u0161 100% medviln\u0117s, tinkami ne\u0161ioti rankoje ar per pet\u012f.\" \/>\n<meta name=\"robots\" content=\"index, follow, max-snippet:-1, max-image-preview:large, max-video-preview:-1\" \/>\n<link rel=\"canonical\" href=\"https:\/\/perladesign.lt\/index.php\/product\/krepsys-saugau-gamta\/\" \/>\n<meta property=\"og:locale\" content=\"lt_LT\" \/>\n<meta property=\"og:type\" content=\"article\" \/>\n<meta property=\"og:title\" content=\"Krep\u0161ys &quot;Saugau gamt\u0105&quot; - Perladesign\" \/>\n<meta property=\"og:description\" content=\"\u0160ie daugkartinio naudojimo pirkini\u0173 krep\u0161iai yra pagaminti i\u0161 100% medviln\u0117s, tinkami ne\u0161ioti rankoje ar per pet\u012f.\" \/>\n<meta property=\"og:url\" content=\"https:\/\/perladesign.lt\/index.php\/product\/krepsys-saugau-gamta\/\" \/>\n<meta property=\"og:site_name\" content=\"Perladesign\" \/>\n<meta property=\"article:publisher\" content=\"https:\/\/www.facebook.com\/perlakaune\" \/>\n<meta property=\"article:modified_time\" content=\"2021-01-24T18:35:13+00:00\" \/>\n<meta property=\"og:image\" content=\"https:\/\/i0.wp.com\/perladesign.lt\/wp-content\/uploads\/2020\/11\/IMG_4867-scaled.jpg?fit=1707%2C2560&ssl=1\" \/>\n\t<meta property=\"og:image:width\" content=\"1707\" \/>\n\t<meta property=\"og:image:height\" content=\"2560\" \/>\n\t<meta property=\"og:image:type\" content=\"image\/jpeg\" \/>\n<meta name=\"twitter:card\" content=\"summary_large_image\" \/>\n<meta name=\"twitter:label1\" content=\"Est. reading time\" \/>\n\t<meta name=\"twitter:data1\" content=\"1 minut\u0117\" \/>\n<script type=\"application\/ld+json\" class=\"yoast-schema-graph\">{\"@context\":\"https:\\\/\\\/schema.org\",\"@graph\":[{\"@type\":\"WebPage\",\"@id\":\"https:\\\/\\\/perladesign.lt\\\/index.php\\\/product\\\/krepsys-saugau-gamta\\\/\",\"url\":\"https:\\\/\\\/perladesign.lt\\\/index.php\\\/product\\\/krepsys-saugau-gamta\\\/\",\"name\":\"Krep\u0161ys \\\"Saugau gamt\u0105\\\" - Perladesign\",\"isPartOf\":{\"@id\":\"https:\\\/\\\/perladesign.lt\\\/#website\"},\"primaryImageOfPage\":{\"@id\":\"https:\\\/\\\/perladesign.lt\\\/index.php\\\/product\\\/krepsys-saugau-gamta\\\/#primaryimage\"},\"image\":{\"@id\":\"https:\\\/\\\/perladesign.lt\\\/index.php\\\/product\\\/krepsys-saugau-gamta\\\/#primaryimage\"},\"thumbnailUrl\":\"https:\\\/\\\/i0.wp.com\\\/perladesign.lt\\\/wp-content\\\/uploads\\\/2020\\\/11\\\/IMG_4867-scaled.jpg?fit=1707%2C2560&ssl=1\",\"datePublished\":\"2020-11-29T16:38:58+00:00\",\"dateModified\":\"2021-01-24T18:35:13+00:00\",\"description\":\"\u0160ie daugkartinio naudojimo pirkini\u0173 krep\u0161iai yra pagaminti i\u0161 100% medviln\u0117s, tinkami ne\u0161ioti rankoje ar per pet\u012f.\",\"breadcrumb\":{\"@id\":\"https:\\\/\\\/perladesign.lt\\\/index.php\\\/product\\\/krepsys-saugau-gamta\\\/#breadcrumb\"},\"inLanguage\":\"lt-LT\",\"potentialAction\":[{\"@type\":\"ReadAction\",\"target\":[\"https:\\\/\\\/perladesign.lt\\\/index.php\\\/product\\\/krepsys-saugau-gamta\\\/\"]}]},{\"@type\":\"ImageObject\",\"inLanguage\":\"lt-LT\",\"@id\":\"https:\\\/\\\/perladesign.lt\\\/index.php\\\/product\\\/krepsys-saugau-gamta\\\/#primaryimage\",\"url\":\"https:\\\/\\\/i0.wp.com\\\/perladesign.lt\\\/wp-content\\\/uploads\\\/2020\\\/11\\\/IMG_4867-scaled.jpg?fit=1707%2C2560&ssl=1\",\"contentUrl\":\"https:\\\/\\\/i0.wp.com\\\/perladesign.lt\\\/wp-content\\\/uploads\\\/2020\\\/11\\\/IMG_4867-scaled.jpg?fit=1707%2C2560&ssl=1\",\"width\":1707,\"height\":2560,\"caption\":\"Pirkini\u0173 krep\u0161ys \\\"Saugau gamt\u0105\\\"\"},{\"@type\":\"BreadcrumbList\",\"@id\":\"https:\\\/\\\/perladesign.lt\\\/index.php\\\/product\\\/krepsys-saugau-gamta\\\/#breadcrumb\",\"itemListElement\":[{\"@type\":\"ListItem\",\"position\":1,\"name\":\"Home\",\"item\":\"https:\\\/\\\/perladesign.lt\\\/\"},{\"@type\":\"ListItem\",\"position\":2,\"name\":\"Parduotuv\u0117\",\"item\":\"https:\\\/\\\/perladesign.lt\\\/index.php\\\/parduotuve\\\/\"},{\"@type\":\"ListItem\",\"position\":3,\"name\":\"Krep\u0161ys &#8220;Saugau gamt\u0105&#8221;\"}]},{\"@type\":\"WebSite\",\"@id\":\"https:\\\/\\\/perladesign.lt\\\/#website\",\"url\":\"https:\\\/\\\/perladesign.lt\\\/\",\"name\":\"Perladesign\",\"description\":\"\u0160alik\u0173, prijuos\u010di\u0173, skareli\u0173, rank\u0161luos\u010di\u0173, krep\u0161i\u0173 siuvin\u0117jimas su J\u016bs\u0173 pasirinktu tekstu. Galime i\u0161siuvin\u0117ti J\u016bs\u0173 pasirinkt\u0105 tekst\u0105...\",\"publisher\":{\"@id\":\"https:\\\/\\\/perladesign.lt\\\/#organization\"},\"potentialAction\":[{\"@type\":\"SearchAction\",\"target\":{\"@type\":\"EntryPoint\",\"urlTemplate\":\"https:\\\/\\\/perladesign.lt\\\/?s={search_term_string}\"},\"query-input\":{\"@type\":\"PropertyValueSpecification\",\"valueRequired\":true,\"valueName\":\"search_term_string\"}}],\"inLanguage\":\"lt-LT\"},{\"@type\":\"Organization\",\"@id\":\"https:\\\/\\\/perladesign.lt\\\/#organization\",\"name\":\"Perla Design\",\"url\":\"https:\\\/\\\/perladesign.lt\\\/\",\"logo\":{\"@type\":\"ImageObject\",\"inLanguage\":\"lt-LT\",\"@id\":\"https:\\\/\\\/perladesign.lt\\\/#\\\/schema\\\/logo\\\/image\\\/\",\"url\":\"https:\\\/\\\/i2.wp.com\\\/perladesign.lt\\\/wp-content\\\/uploads\\\/2020\\\/11\\\/653837f7-0560-4e97-9a0d-ebb396d3d8a2_200x200.png?fit=200%2C200&ssl=1\",\"contentUrl\":\"https:\\\/\\\/i2.wp.com\\\/perladesign.lt\\\/wp-content\\\/uploads\\\/2020\\\/11\\\/653837f7-0560-4e97-9a0d-ebb396d3d8a2_200x200.png?fit=200%2C200&ssl=1\",\"width\":200,\"height\":200,\"caption\":\"Perla Design\"},\"image\":{\"@id\":\"https:\\\/\\\/perladesign.lt\\\/#\\\/schema\\\/logo\\\/image\\\/\"},\"sameAs\":[\"https:\\\/\\\/www.facebook.com\\\/perlakaune\"]}]}<\/script>\n<!-- \/ Yoast SEO plugin. -->","yoast_head_json":{"title":"Krep\u0161ys \"Saugau gamt\u0105\" - Perladesign","description":"\u0160ie daugkartinio naudojimo pirkini\u0173 krep\u0161iai yra pagaminti i\u0161 100% medviln\u0117s, tinkami ne\u0161ioti rankoje ar per pet\u012f.","robots":{"index":"index","follow":"follow","max-snippet":"max-snippet:-1","max-image-preview":"max-image-preview:large","max-video-preview":"max-video-preview:-1"},"canonical":"https:\/\/perladesign.lt\/index.php\/product\/krepsys-saugau-gamta\/","og_locale":"lt_LT","og_type":"article","og_title":"Krep\u0161ys \"Saugau gamt\u0105\" - Perladesign","og_description":"\u0160ie daugkartinio naudojimo pirkini\u0173 krep\u0161iai yra pagaminti i\u0161 100% medviln\u0117s, tinkami ne\u0161ioti rankoje ar per pet\u012f.","og_url":"https:\/\/perladesign.lt\/index.php\/product\/krepsys-saugau-gamta\/","og_site_name":"Perladesign","article_publisher":"https:\/\/www.facebook.com\/perlakaune","article_modified_time":"2021-01-24T18:35:13+00:00","og_image":[{"width":1707,"height":2560,"url":"https:\/\/i0.wp.com\/perladesign.lt\/wp-content\/uploads\/2020\/11\/IMG_4867-scaled.jpg?fit=1707%2C2560&ssl=1","type":"image\/jpeg"}],"twitter_card":"summary_large_image","twitter_misc":{"Est. reading time":"1 minut\u0117"},"schema":{"@context":"https:\/\/schema.org","@graph":[{"@type":"WebPage","@id":"https:\/\/perladesign.lt\/index.php\/product\/krepsys-saugau-gamta\/","url":"https:\/\/perladesign.lt\/index.php\/product\/krepsys-saugau-gamta\/","name":"Krep\u0161ys \"Saugau gamt\u0105\" - Perladesign","isPartOf":{"@id":"https:\/\/perladesign.lt\/#website"},"primaryImageOfPage":{"@id":"https:\/\/perladesign.lt\/index.php\/product\/krepsys-saugau-gamta\/#primaryimage"},"image":{"@id":"https:\/\/perladesign.lt\/index.php\/product\/krepsys-saugau-gamta\/#primaryimage"},"thumbnailUrl":"https:\/\/i0.wp.com\/perladesign.lt\/wp-content\/uploads\/2020\/11\/IMG_4867-scaled.jpg?fit=1707%2C2560&ssl=1","datePublished":"2020-11-29T16:38:58+00:00","dateModified":"2021-01-24T18:35:13+00:00","description":"\u0160ie daugkartinio naudojimo pirkini\u0173 krep\u0161iai yra pagaminti i\u0161 100% medviln\u0117s, tinkami ne\u0161ioti rankoje ar per pet\u012f.","breadcrumb":{"@id":"https:\/\/perladesign.lt\/index.php\/product\/krepsys-saugau-gamta\/#breadcrumb"},"inLanguage":"lt-LT","potentialAction":[{"@type":"ReadAction","target":["https:\/\/perladesign.lt\/index.php\/product\/krepsys-saugau-gamta\/"]}]},{"@type":"ImageObject","inLanguage":"lt-LT","@id":"https:\/\/perladesign.lt\/index.php\/product\/krepsys-saugau-gamta\/#primaryimage","url":"https:\/\/i0.wp.com\/perladesign.lt\/wp-content\/uploads\/2020\/11\/IMG_4867-scaled.jpg?fit=1707%2C2560&ssl=1","contentUrl":"https:\/\/i0.wp.com\/perladesign.lt\/wp-content\/uploads\/2020\/11\/IMG_4867-scaled.jpg?fit=1707%2C2560&ssl=1","width":1707,"height":2560,"caption":"Pirkini\u0173 krep\u0161ys \"Saugau gamt\u0105\""},{"@type":"BreadcrumbList","@id":"https:\/\/perladesign.lt\/index.php\/product\/krepsys-saugau-gamta\/#breadcrumb","itemListElement":[{"@type":"ListItem","position":1,"name":"Home","item":"https:\/\/perladesign.lt\/"},{"@type":"ListItem","position":2,"name":"Parduotuv\u0117","item":"https:\/\/perladesign.lt\/index.php\/parduotuve\/"},{"@type":"ListItem","position":3,"name":"Krep\u0161ys &#8220;Saugau gamt\u0105&#8221;"}]},{"@type":"WebSite","@id":"https:\/\/perladesign.lt\/#website","url":"https:\/\/perladesign.lt\/","name":"Perladesign","description":"\u0160alik\u0173, prijuos\u010di\u0173, skareli\u0173, rank\u0161luos\u010di\u0173, krep\u0161i\u0173 siuvin\u0117jimas su J\u016bs\u0173 pasirinktu tekstu. Galime i\u0161siuvin\u0117ti J\u016bs\u0173 pasirinkt\u0105 tekst\u0105...","publisher":{"@id":"https:\/\/perladesign.lt\/#organization"},"potentialAction":[{"@type":"SearchAction","target":{"@type":"EntryPoint","urlTemplate":"https:\/\/perladesign.lt\/?s={search_term_string}"},"query-input":{"@type":"PropertyValueSpecification","valueRequired":true,"valueName":"search_term_string"}}],"inLanguage":"lt-LT"},{"@type":"Organization","@id":"https:\/\/perladesign.lt\/#organization","name":"Perla Design","url":"https:\/\/perladesign.lt\/","logo":{"@type":"ImageObject","inLanguage":"lt-LT","@id":"https:\/\/perladesign.lt\/#\/schema\/logo\/image\/","url":"https:\/\/i2.wp.com\/perladesign.lt\/wp-content\/uploads\/2020\/11\/653837f7-0560-4e97-9a0d-ebb396d3d8a2_200x200.png?fit=200%2C200&ssl=1","contentUrl":"https:\/\/i2.wp.com\/perladesign.lt\/wp-content\/uploads\/2020\/11\/653837f7-0560-4e97-9a0d-ebb396d3d8a2_200x200.png?fit=200%2C200&ssl=1","width":200,"height":200,"caption":"Perla Design"},"image":{"@id":"https:\/\/perladesign.lt\/#\/schema\/logo\/image\/"},"sameAs":["https:\/\/www.facebook.com\/perlakaune"]}]}},"jetpack_sharing_enabled":true,"wcpa_form_fields":null,"_links":{"self":[{"href":"https:\/\/perladesign.lt\/index.php\/wp-json\/wp\/v2\/product\/2476","targetHints":{"allow":["GET"]}}],"collection":[{"href":"https:\/\/perladesign.lt\/index.php\/wp-json\/wp\/v2\/product"}],"about":[{"href":"https:\/\/perladesign.lt\/index.php\/wp-json\/wp\/v2\/types\/product"}],"wp:featuredmedia":[{"embeddable":true,"href":"https:\/\/perladesign.lt\/index.php\/wp-json\/wp\/v2\/media\/2452"}],"wp:attachment":[{"href":"https:\/\/perladesign.lt\/index.php\/wp-json\/wp\/v2\/media?parent=2476"}],"wp:term":[{"taxonomy":"product_brand","embeddable":true,"href":"https:\/\/perladesign.lt\/index.php\/wp-json\/wp\/v2\/product_brand?post=2476"},{"taxonomy":"product_cat","embeddable":true,"href":"https:\/\/perladesign.lt\/index.php\/wp-json\/wp\/v2\/product_cat?post=2476"},{"taxonomy":"product_tag","embeddable":true,"href":"https:\/\/perladesign.lt\/index.php\/wp-json\/wp\/v2\/product_tag?post=2476"}],"curies":[{"name":"wp","href":"https:\/\/api.w.org\/{rel}","templated":true}]}}