{"id":2534,"date":"2020-12-01T14:45:00","date_gmt":"2020-12-01T12:45:00","guid":{"rendered":"http:\/\/perladesign.lt\/?page_id=2534"},"modified":"2023-12-08T17:16:33","modified_gmt":"2023-12-08T15:16:33","slug":"galerija","status":"publish","type":"page","link":"https:\/\/perladesign.lt\/index.php\/galerija\/","title":{"rendered":"Galerija"},"content":{"rendered":"<div class=\"wpb-content-wrapper\"><p>[vc_row][vc_column width=&#8221;1\/2&#8243;][\/vc_column][vc_column][vc_media_grid grid_id=&#8221;vc_gid:1702048049137-f404f2a046b5161133a1e41a9d308153-1&#8243; include=&#8221;5921,5915,5827,5839,5424,5642,5922,5909,5914,5917,5860,5572,5918,5639,5919,5641,5643,5644,5645,5595,5911,5615,5575,5616,5592,5591,5614,5587,5590,5589,5596,5593,5594,5598,5599,5600,5601,5602,5913,5603,5604,5640,5619,5578,5579,5544,5859,5910,5912,5923,5483&#8243;][\/vc_column][\/vc_row][vc_row fullwidth=&#8221;yes&#8221; gap=&#8221;2&#8243; full_height=&#8221;yes&#8221; equal_height=&#8221;yes&#8221;][vc_column][vc_media_grid gap=&#8221;10&#8243; item=&#8221;mediaGrid_ScaleInWithIcon&#8221; grid_id=&#8221;vc_gid:1702048049151-89ebf0fba5be1a11212eb2ed3afa7db6-2&#8243; include=&#8221;5552,5538,5540,5535,5536,5539,5514,5512,5510,5508,5511,5537,5513,5456,5457,5445,5459,5509,5516,5413,5436,5439,5431,5423,5437,5425,5414,5458,5416,5438,5426,5411,5347,5346,5415,5369,5336,5273,5349,5370,5281,5367,5412,5345,5372,5259,5368,5339,5338,5337,5341,5348,5340,5267,5258,5265,5190,5264,5260,5261,5263,5224,5266,5262,5222,5223,5144,5191,5145,5137,5132,5221,5129,5008,4979,5021,4951,5128,4947,4980,4949,4948,4946,4927,4913,4934,4919,4950,4900,4907,4903,4933,4894,4911,4902,4786,4704,4833,4701,5371,4787,4677,4476,4834,4478,4547,4477,4479,4371,3051,3883,3052,2633,3277,2796,2532,2526,2528,3068,4086,3056,3278,2634,3275,3057,3279,3882,3179,3069,3067,2862,2794,2793,2786,2785,2783,2635,2556,2548,2533,2531,2527,2524,2521,2498,1894,4085,5344,5343,5342,5424&#8243;][\/vc_column][\/vc_row]<\/p>\n<\/div>","protected":false},"excerpt":{"rendered":"<p>[vc_row][vc_column width=&#8221;1\/2&#8243;][\/vc_column][vc_column][vc_media_grid grid_id=&#8221;vc_gid:1702048049137-f404f2a046b5161133a1e41a9d308153-1&#8243; include=&#8221;5921,5915,5827,5839,5424,5642,5922,5909,5914,5917,5860,5572,5918,5639,5919,5641,5643,5644,5645,5595,5911,5615,5575,5616,5592,5591,5614,5587,5590,5589,5596,5593,5594,5598,5599,5600,5601,5602,5913,5603,5604,5640,5619,5578,5579,5544,5859,5910,5912,5923,5483&#8243;][\/vc_column][\/vc_row][vc_row fullwidth=&#8221;yes&#8221; gap=&#8221;2&#8243; full_height=&#8221;yes&#8221; equal_height=&#8221;yes&#8221;][vc_column][vc_media_grid gap=&#8221;10&#8243; item=&#8221;mediaGrid_ScaleInWithIcon&#8221; grid_id=&#8221;vc_gid:1702048049151-89ebf0fba5be1a11212eb2ed3afa7db6-2&#8243; include=&#8221;5552,5538,5540,5535,5536,5539,5514,5512,5510,5508,5511,5537,5513,5456,5457,5445,5459,5509,5516,5413,5436,5439,5431,5423,5437,5425,5414,5458,5416,5438,5426,5411,5347,5346,5415,5369,5336,5273,5349,5370,5281,5367,5412,5345,5372,5259,5368,5339,5338,5337,5341,5348,5340,5267,5258,5265,5190,5264,5260,5261,5263,5224,5266,5262,5222,5223,5144,5191,5145,5137,5132,5221,5129,5008,4979,5021,4951,5128,4947,4980,4949,4948,4946,4927,4913,4934,4919,4950,4900,4907,4903,4933,4894,4911,4902,4786,4704,4833,4701,5371,4787,4677,4476,4834,4478,4547,4477,4479,4371,3051,3883,3052,2633,3277,2796,2532,2526,2528,3068,4086,3056,3278,2634,3275,3057,3279,3882,3179,3069,3067,2862,2794,2793,2786,2785,2783,2635,2556,2548,2533,2531,2527,2524,2521,2498,1894,4085,5344,5343,5342,5424&#8243;][\/vc_column][\/vc_row]<\/p>\n","protected":false},"author":1,"featured_media":0,"parent":0,"menu_order":0,"comment_status":"closed","ping_status":"closed","template":"","meta":{"footnotes":""},"class_list":["post-2534","page","type-page","status-publish","hentry"],"yoast_head":"<!-- This site is optimized with the Yoast SEO plugin v27.4 - https:\/\/yoast.com\/product\/yoast-seo-wordpress\/ -->\n<title>Galerija - Perladesign<\/title>\n<meta name=\"description\" content=\"\u0160alik\u0173, prijuos\u010di\u0173, skareli\u0173, rank\u0161luos\u010di\u0173, krep\u0161i\u0173 siuvin\u0117jimas su J\u016bs\u0173 pasirinktu tekstu. Galime i\u0161siuvin\u0117ti J\u016bs\u0173 pasirinkt\u0105 tekst\u0105...\" \/>\n<meta name=\"robots\" content=\"index, follow, max-snippet:-1, max-image-preview:large, max-video-preview:-1\" \/>\n<link rel=\"canonical\" href=\"https:\/\/perladesign.lt\/index.php\/galerija\/\" \/>\n<meta property=\"og:locale\" content=\"lt_LT\" \/>\n<meta property=\"og:type\" content=\"article\" \/>\n<meta property=\"og:title\" content=\"Galerija - Perladesign\" \/>\n<meta property=\"og:description\" content=\"\u0160alik\u0173, prijuos\u010di\u0173, skareli\u0173, rank\u0161luos\u010di\u0173, krep\u0161i\u0173 siuvin\u0117jimas su J\u016bs\u0173 pasirinktu tekstu. Galime i\u0161siuvin\u0117ti J\u016bs\u0173 pasirinkt\u0105 tekst\u0105...\" \/>\n<meta property=\"og:url\" content=\"https:\/\/perladesign.lt\/index.php\/galerija\/\" \/>\n<meta property=\"og:site_name\" content=\"Perladesign\" \/>\n<meta property=\"article:publisher\" content=\"https:\/\/www.facebook.com\/perlakaune\" \/>\n<meta property=\"article:modified_time\" content=\"2023-12-08T15:16:33+00:00\" \/>\n<meta name=\"twitter:card\" content=\"summary_large_image\" \/>\n<meta name=\"twitter:label1\" content=\"Est. reading time\" \/>\n\t<meta name=\"twitter:data1\" content=\"10 minu\u010di\u0173\" \/>\n<script type=\"application\/ld+json\" class=\"yoast-schema-graph\">{\"@context\":\"https:\\\/\\\/schema.org\",\"@graph\":[{\"@type\":\"WebPage\",\"@id\":\"https:\\\/\\\/perladesign.lt\\\/index.php\\\/galerija\\\/\",\"url\":\"https:\\\/\\\/perladesign.lt\\\/index.php\\\/galerija\\\/\",\"name\":\"Galerija - Perladesign\",\"isPartOf\":{\"@id\":\"https:\\\/\\\/perladesign.lt\\\/#website\"},\"datePublished\":\"2020-12-01T12:45:00+00:00\",\"dateModified\":\"2023-12-08T15:16:33+00:00\",\"description\":\"\u0160alik\u0173, prijuos\u010di\u0173, skareli\u0173, rank\u0161luos\u010di\u0173, krep\u0161i\u0173 siuvin\u0117jimas su J\u016bs\u0173 pasirinktu tekstu. Galime i\u0161siuvin\u0117ti J\u016bs\u0173 pasirinkt\u0105 tekst\u0105...\",\"breadcrumb\":{\"@id\":\"https:\\\/\\\/perladesign.lt\\\/index.php\\\/galerija\\\/#breadcrumb\"},\"inLanguage\":\"lt-LT\",\"potentialAction\":[{\"@type\":\"ReadAction\",\"target\":[\"https:\\\/\\\/perladesign.lt\\\/index.php\\\/galerija\\\/\"]}]},{\"@type\":\"BreadcrumbList\",\"@id\":\"https:\\\/\\\/perladesign.lt\\\/index.php\\\/galerija\\\/#breadcrumb\",\"itemListElement\":[{\"@type\":\"ListItem\",\"position\":1,\"name\":\"Home\",\"item\":\"https:\\\/\\\/perladesign.lt\\\/\"},{\"@type\":\"ListItem\",\"position\":2,\"name\":\"Galerija\"}]},{\"@type\":\"WebSite\",\"@id\":\"https:\\\/\\\/perladesign.lt\\\/#website\",\"url\":\"https:\\\/\\\/perladesign.lt\\\/\",\"name\":\"Perladesign\",\"description\":\"\u0160alik\u0173, prijuos\u010di\u0173, skareli\u0173, rank\u0161luos\u010di\u0173, krep\u0161i\u0173 siuvin\u0117jimas su J\u016bs\u0173 pasirinktu tekstu. Galime i\u0161siuvin\u0117ti J\u016bs\u0173 pasirinkt\u0105 tekst\u0105...\",\"publisher\":{\"@id\":\"https:\\\/\\\/perladesign.lt\\\/#organization\"},\"potentialAction\":[{\"@type\":\"SearchAction\",\"target\":{\"@type\":\"EntryPoint\",\"urlTemplate\":\"https:\\\/\\\/perladesign.lt\\\/?s={search_term_string}\"},\"query-input\":{\"@type\":\"PropertyValueSpecification\",\"valueRequired\":true,\"valueName\":\"search_term_string\"}}],\"inLanguage\":\"lt-LT\"},{\"@type\":\"Organization\",\"@id\":\"https:\\\/\\\/perladesign.lt\\\/#organization\",\"name\":\"Perla Design\",\"url\":\"https:\\\/\\\/perladesign.lt\\\/\",\"logo\":{\"@type\":\"ImageObject\",\"inLanguage\":\"lt-LT\",\"@id\":\"https:\\\/\\\/perladesign.lt\\\/#\\\/schema\\\/logo\\\/image\\\/\",\"url\":\"https:\\\/\\\/i2.wp.com\\\/perladesign.lt\\\/wp-content\\\/uploads\\\/2020\\\/11\\\/653837f7-0560-4e97-9a0d-ebb396d3d8a2_200x200.png?fit=200%2C200&ssl=1\",\"contentUrl\":\"https:\\\/\\\/i2.wp.com\\\/perladesign.lt\\\/wp-content\\\/uploads\\\/2020\\\/11\\\/653837f7-0560-4e97-9a0d-ebb396d3d8a2_200x200.png?fit=200%2C200&ssl=1\",\"width\":200,\"height\":200,\"caption\":\"Perla Design\"},\"image\":{\"@id\":\"https:\\\/\\\/perladesign.lt\\\/#\\\/schema\\\/logo\\\/image\\\/\"},\"sameAs\":[\"https:\\\/\\\/www.facebook.com\\\/perlakaune\"]}]}<\/script>\n<!-- \/ Yoast SEO plugin. -->","yoast_head_json":{"title":"Galerija - Perladesign","description":"\u0160alik\u0173, prijuos\u010di\u0173, skareli\u0173, rank\u0161luos\u010di\u0173, krep\u0161i\u0173 siuvin\u0117jimas su J\u016bs\u0173 pasirinktu tekstu. Galime i\u0161siuvin\u0117ti J\u016bs\u0173 pasirinkt\u0105 tekst\u0105...","robots":{"index":"index","follow":"follow","max-snippet":"max-snippet:-1","max-image-preview":"max-image-preview:large","max-video-preview":"max-video-preview:-1"},"canonical":"https:\/\/perladesign.lt\/index.php\/galerija\/","og_locale":"lt_LT","og_type":"article","og_title":"Galerija - Perladesign","og_description":"\u0160alik\u0173, prijuos\u010di\u0173, skareli\u0173, rank\u0161luos\u010di\u0173, krep\u0161i\u0173 siuvin\u0117jimas su J\u016bs\u0173 pasirinktu tekstu. Galime i\u0161siuvin\u0117ti J\u016bs\u0173 pasirinkt\u0105 tekst\u0105...","og_url":"https:\/\/perladesign.lt\/index.php\/galerija\/","og_site_name":"Perladesign","article_publisher":"https:\/\/www.facebook.com\/perlakaune","article_modified_time":"2023-12-08T15:16:33+00:00","twitter_card":"summary_large_image","twitter_misc":{"Est. reading time":"10 minu\u010di\u0173"},"schema":{"@context":"https:\/\/schema.org","@graph":[{"@type":"WebPage","@id":"https:\/\/perladesign.lt\/index.php\/galerija\/","url":"https:\/\/perladesign.lt\/index.php\/galerija\/","name":"Galerija - Perladesign","isPartOf":{"@id":"https:\/\/perladesign.lt\/#website"},"datePublished":"2020-12-01T12:45:00+00:00","dateModified":"2023-12-08T15:16:33+00:00","description":"\u0160alik\u0173, prijuos\u010di\u0173, skareli\u0173, rank\u0161luos\u010di\u0173, krep\u0161i\u0173 siuvin\u0117jimas su J\u016bs\u0173 pasirinktu tekstu. Galime i\u0161siuvin\u0117ti J\u016bs\u0173 pasirinkt\u0105 tekst\u0105...","breadcrumb":{"@id":"https:\/\/perladesign.lt\/index.php\/galerija\/#breadcrumb"},"inLanguage":"lt-LT","potentialAction":[{"@type":"ReadAction","target":["https:\/\/perladesign.lt\/index.php\/galerija\/"]}]},{"@type":"BreadcrumbList","@id":"https:\/\/perladesign.lt\/index.php\/galerija\/#breadcrumb","itemListElement":[{"@type":"ListItem","position":1,"name":"Home","item":"https:\/\/perladesign.lt\/"},{"@type":"ListItem","position":2,"name":"Galerija"}]},{"@type":"WebSite","@id":"https:\/\/perladesign.lt\/#website","url":"https:\/\/perladesign.lt\/","name":"Perladesign","description":"\u0160alik\u0173, prijuos\u010di\u0173, skareli\u0173, rank\u0161luos\u010di\u0173, krep\u0161i\u0173 siuvin\u0117jimas su J\u016bs\u0173 pasirinktu tekstu. Galime i\u0161siuvin\u0117ti J\u016bs\u0173 pasirinkt\u0105 tekst\u0105...","publisher":{"@id":"https:\/\/perladesign.lt\/#organization"},"potentialAction":[{"@type":"SearchAction","target":{"@type":"EntryPoint","urlTemplate":"https:\/\/perladesign.lt\/?s={search_term_string}"},"query-input":{"@type":"PropertyValueSpecification","valueRequired":true,"valueName":"search_term_string"}}],"inLanguage":"lt-LT"},{"@type":"Organization","@id":"https:\/\/perladesign.lt\/#organization","name":"Perla Design","url":"https:\/\/perladesign.lt\/","logo":{"@type":"ImageObject","inLanguage":"lt-LT","@id":"https:\/\/perladesign.lt\/#\/schema\/logo\/image\/","url":"https:\/\/i2.wp.com\/perladesign.lt\/wp-content\/uploads\/2020\/11\/653837f7-0560-4e97-9a0d-ebb396d3d8a2_200x200.png?fit=200%2C200&ssl=1","contentUrl":"https:\/\/i2.wp.com\/perladesign.lt\/wp-content\/uploads\/2020\/11\/653837f7-0560-4e97-9a0d-ebb396d3d8a2_200x200.png?fit=200%2C200&ssl=1","width":200,"height":200,"caption":"Perla Design"},"image":{"@id":"https:\/\/perladesign.lt\/#\/schema\/logo\/image\/"},"sameAs":["https:\/\/www.facebook.com\/perlakaune"]}]}},"jetpack_sharing_enabled":true,"_links":{"self":[{"href":"https:\/\/perladesign.lt\/index.php\/wp-json\/wp\/v2\/pages\/2534","targetHints":{"allow":["GET"]}}],"collection":[{"href":"https:\/\/perladesign.lt\/index.php\/wp-json\/wp\/v2\/pages"}],"about":[{"href":"https:\/\/perladesign.lt\/index.php\/wp-json\/wp\/v2\/types\/page"}],"author":[{"embeddable":true,"href":"https:\/\/perladesign.lt\/index.php\/wp-json\/wp\/v2\/users\/1"}],"replies":[{"embeddable":true,"href":"https:\/\/perladesign.lt\/index.php\/wp-json\/wp\/v2\/comments?post=2534"}],"version-history":[{"count":86,"href":"https:\/\/perladesign.lt\/index.php\/wp-json\/wp\/v2\/pages\/2534\/revisions"}],"predecessor-version":[{"id":5924,"href":"https:\/\/perladesign.lt\/index.php\/wp-json\/wp\/v2\/pages\/2534\/revisions\/5924"}],"wp:attachment":[{"href":"https:\/\/perladesign.lt\/index.php\/wp-json\/wp\/v2\/media?parent=2534"}],"curies":[{"name":"wp","href":"https:\/\/api.w.org\/{rel}","templated":true}]}}